212
Convert 1006540 (base 8) to base 5.
31444233
Convert 111a60 (base 14) to base 3.
1002112000120
-8517c9 (base 15) to base 8
-30121520
Convert -13800b (base 12) to base 9.
-544572
643106 (base 7) to base 9
178882
Convert -100011010012020 (base 3) to base 4.
-102203200131
Convert 110000001011100001 (base 2) to base 5.
22303340
What is 55321514 (base 6) in base 10?
1659286
What is -22015531 (base 6) in base 7?
-5400556
Convert -5a035 (base 11) to base 9.
-141650
What is 266085 (base 10) in base 8?
1007545
Convert 13775055 (base 8) to base 2.
1011111111101000101101
170ab4 (base 14) to base 12
330106
1d961 (base 15) to base 11
66653
Convert -10110010000100000010111 (base 2) to base 16.
-590817
Convert 570962 (base 10) to base 3.
1002000012202
-fc600 (base 16) to base 12
-41a280
-3543132 (base 6) to base 12
-8aaa8
-413503 (base 7) to base 16
-114fa
What is 2403 (base 5) in base 15?
188
What is ae187e (base 15) in base 12?
2947902
148aa2 (base 15) to base 13
289271
What is 1aa41a (base 12) in base 2?
1110011101111010110
Convert -1bee8 (base 16) to base 14.
-2d9a0
What is 10255477 (base 9) in base 5?
2231003121
Convert -100100110010111 (base 2) to base 3.
-221211202
66041 (base 7) to base 8
40155
-13367e (base 15) to base 12
-386078
Convert -1244314 (base 6) to base 15.
-153d4
What is 3205211 (base 6) in base 15?
31654
-7834006 (base 9) to base 5
-2034340314
-432012222 (base 5) to base 9
-3387001
Convert -1377942 (base 12) to base 8.
-16657602
-2001221020220 (base 3) to base 10
-1100976
-4112041400 (base 5) to base 9
-16573308
Convert -42662 (base 11) to base 2.
-1111001001000100
Convert d6c6b5 (base 15) to base 2.
100110111110100010101101
Convert 11100110110001010101000 (base 2) to base 9.
15204866
Convert 179991 (base 13) to base 5.
122431012
What is -6706a (base 15) in base 16?
-4ff33
3241043040 (base 5) to base 6
405232045
Convert 2d0ac8 (base 15) to base 8.
10240361
-213323311 (base 4) to base 2
-100111111011110101
-134c4a4 (base 13) to base 5
-3024111411
What is -20611 (base 11) in base 4?
-13111010
What is -189466 (base 10) in base 4?
-232100122
Convert -12227 (base 14) to base 6.
-541123
What is -32341610 (base 7) in base 11?
-161a648
Convert -19395 (base 11) to base 5.
-1331322
Convert -498156 (base 10) to base 12.
-200350
144a71 (base 13) to base 5
111333412
What is 463523 (base 8) in base 5?
20020043
3402265 (base 11) to base 2
10110101111100010000110
Convert -7aa0 (base 16) to base 11.
-21649
What is -31a68b (base 13) in base 8?
-4344343
Convert -101110011010011110101 (base 2) to base 10.
-1520885
What is -44095 (base 16) in base 12?
-115331
-615143 (base 7) to base 12
-50952
Convert 2038153 (base 9) to base 6.
35155250
Convert 401c42 (base 13) to base 8.
5535053
-38227 (base 10) to base 11
-267a2
234460 (base 7) to base 6
524231
Convert -1676776 (base 8) to base 10.
-491006
What is -1be51 (base 15) in base 11?
-62396
398577 (base 12) to base 8
3473053
Convert -4321133 (base 5) to base 11.
-50080
What is 1a8a38 (base 13) in base 5?
133114331
-edc2b (base 16) to base 11
-605754
Convert 347240 (base 13) to base 5.
304301032
-16806 (base 14) to base 7
-323406
What is -2201200000220 (base 3) in base 12?
-59b159
What is 53817 (base 10) in base 6?
1053053
What is 300010323 (base 4) in base 10?
196923
What is -a4957 (base 11) in base 12?
-74585
202122120020 (base 3) to base 15
80679
What is 141433a (base 13) in base 11?
3647844
Convert -535c3 (base 13) to base 3.
-21122022101
Convert 1232301030 (base 5) to base 16.
2debeb
Convert 221010 (base 6) to base 9.
27166
What is 111101001111111100 (base 2) in base 5?
31012001
-36665 (base 15) to base 3
-22211002112
What is 1011100111100101 (base 2) in base 14?
134b3
What is -3834178 (base 10) in base 14?
-71b41c
What is 1102222203 (base 4) in base 16?
52aa3
What is 29aaa3 (base 13) in base 7?
11461520
What is -5214042 (base 7) in base 6?
-21224330
What is 23aba7 (base 12) in base 13?
17362c
325200502 (base 6) to base 9
12002522
What is -15124321 (base 6) in base 5?
-113241234
-1a1a8 (base 14) to base 16
-10298
Convert 100011111001111001 (base 2) to base 11.
a0546
What is 186439 (base 13) in base 16?
95d37
-1559224 (base 10) to base 7
-16152562
Convert -152531 (base 8) to base 3.
-2202220212
Convert -100001101121 (base 3) to base 14.
-48cdc
3cd257 (base 16) to base 8
17151127
Convert -265168 (base 11) to base 6.
-12533342
What is 42040256 (base 8) in base 15?
bb5b6e
What is -11586b (base 12) in base 13?
-9a268
3798a (base 12) to base 2
10010011110111010
11221113033 (base 4) to base 5
334331033
-111100010000001010111 (base 2) to base 15
-28eede
3012004 (base 5) to base 4
23222022
What is 103023101 (base 5) in base 3?
211022101212
What is 1685430 (base 9) in base 12?
395323
What is 144e4 (base 16) in base 15?
1999c
Convert 41043100 (base 6) to base 14.
2272d6
1a07131 (base 11) to base 10
3391543
-3362193 (base 10) to base 2
-1100110100110110010001
What is 2343013 (base 6) in base 14?
328c9
Convert 1513055 (base 6) to base 16.
155db
What is -12cfe (base 16) in base 8?
-226376
-1b508 (base 15) to base 8
-255463
What is -4c871 (base 15) in base 13?
-8761c
What is -626947 (base 13) in base 7?
-25355332
What is -419b70 (base 14) in base 3?
-11011121200121
What is 3104071 (base 8) in base 7?
6660322
Convert -22231211 (base 5) to base 2.
-101111110011011110
-211645126 (base 7) to base 11
-71148a3
Convert -d683c (base 16) to base 5.
-211104102
Convert -10010110000010011 (base 2) to base 5.
-4424234
201414 (base 12) to base 16
7a110
1f6116 (base 16) to base 3
10212110221120
Convert -15aad2 (base 14) to base 15.
-100078
What is 2b9c1 (base 13) in base 15?
198b2
What is 422422300 (base 6) in base 4?
130100010330
-1699253 (base 11) to base 5
-1214210130
Convert -224d8 (base 15) to base 2.
-11010101000101111
-5b769b (base 14) to base 10
-3132217
-384845 (base 11) to base 8
-2240636
Convert -600471 (base 12) to base 10.
-1493653
Convert -2032543 (base 6) to base 7.
-555150
What is 445150 (base 6) in base 12?
197b6
Convert -1121201120011 (base 3) to base 13.
-241963
62897a (base 11) to base 7
11364030
What is 22210001202 (base 3) in base 14?
46da4
25077524 (base 8) to base 12
1a30784
121200120211 (base 3) to base 7
2535442
What is 1214255 (base 7) in base 4?
211320212
What is 100000111001110010100 (base 2) in base 7?
12110223
Convert 1465c (base 14) to base 15.
1001a
-330141 (base 9) to base 15
-3d54d
Convert -3884573 (base 10) to base 16.
-3b461d
110101010000010010 (base 2) to base 5
23440010
Convert 27813036 (base 9) to base 14.
1b852b4
What is 137bc (base 15) in base 11?
42a60
-4511225 (base 6) to base 3
-102112112022
What is -12011122211 (base 3) in base 12?
-4ab04
What is 4439061 (base 10) in base 3?
22100112020200
51691 (base 11) to base 3
10211101012
What is 500642 (base 11) in base 7?
6564635
What is -242277 (base 11) in base 2?
-1011101101010100110
Convert 26225633 (base 7) to base 10.
2393429
Convert 14aa73 (base 12) to base 11.
21a442
Convert 2c1d9 (base 14) to base 5.
12011042
What is 80119 (base 10) in base 12?
3a447
-100110101010101011 (base 2) to base 4
-212222223
Convert 215267 (base 11) to base 16.
53ea1
Convert -abdaa8 (base 15) to base 7.
-126446456
What is -8807a (base 14) in base 4?
-1100122230
What is -1679a35 (base 11) in base 8?
-12705315
145ba1 (base 12) to base 10
342121
4287718 (base 9) to base 8
10620125
21436 (base 11) to base 13
11231
What is -10243212 (base 6) in base 10?
-301400
What is 100101001101100010001011 (base 2) in base 8?
45154213
What is cc1b68 (base 13) in base 4?
102110131112
-67984 (base 10) to base 5
-4133414
Convert -215533114 (base 6) to base 12.
-138a19a
-81b312 (base 13) to base 12
-1019922
6de2c5 (base 15) to base 11
2a74683
-40402000 (base 6) to base 2
-100011001000100110000
What is 961832 (base 11) in base 4?
11313320313
What is -187eb62 (base 15) in base 11?
-a0a5949
What is 1330032000 (base 4) in base 2?
1111100001110000000
Convert 92293 (base 11) to base 7.
1100634
Convert 455323 (base 7) to base 4.
103303120
-75a762 (base 11) to base 15
-18ee0c
-2102212201101 (base 3) to base 8
-4744455
Convert -101212000222 (base 3) to base 14.
-57bcb
What is -1aa240 (base 11) in base 12?
-135969
What is -405322 (base 8) in base 5?
-13240332
What is -714356 (base 9) in base 